ainder when 16209 is divided by 8096.
17
What is the remainder when 659939 is divided by 1020?
1019
What is the remainder when 21868 is divided by 10874?
120
What is the remainder when 432747 is divided by 216371?
5
What is the remainder when 32230 is divided by 322?
30
Calculate the remainder when 25192 is divided by 38.
36
Calculate the remainder when 194180 is divided by 262.
38
Calculate the remainder when 7357 is divided by 3612.
133
Calculate the remainder when 51027 is divided by 42.
39
What is the remainder when 882 is divided by 35?
7
Calculate the remainder when 4758 is divided by 14.
12
Calculate the remainder when 270 is divided by 154.
116
Calculate the remainder when 303598 is divided by 16.
14
What is the remainder when 13501 is divided by 193?
184
Calculate the remainder when 37886 is divided by 1342.
310
What is the remainder when 13660 is divided by 427?
423
What is the remainder when 138218 is divided by 294?
38
Calculate the remainder when 506313 is divided by 31.
21
What is the remainder when 30104 is divided by 864?
728
Calculate the remainder when 3793 is divided by 105.
13
What is the remainder when 230998 is divided by 377?
274
Calculate the remainder when 1480 is divided by 369.
4
What is the remainder when 2430511 is divided by 132?
127
Calculate the remainder when 134787 is divided by 124.
123
What is the remainder when 291414 is divided by 29?
22
Calculate the remainder when 211592 is divided by 505.
502
Calculate the remainder when 3453 is divided by 266.
261
What is the remainder when 30033 is divided by 93?
87
Calculate the remainder when 4783 is divided by 287.
191
What is the remainder when 55320 is divided by 146?
132
Calculate the remainder when 514573 is divided by 129.
121
What is the remainder when 1068 is divided by 265?
8
Calculate the remainder when 37131 is divided by 7420.
31
What is the remainder when 166805 is divided by 83386?
33
What is the remainder when 3799 is divided by 272?
263
Calculate the remainder when 59328 is divided by 214.
50
What is the remainder when 5432 is divided by 8?
0
Calculate the remainder when 837 is divided by 702.
135
What is the remainder when 68903 is divided by 13779?
8
Calculate the remainder when 242426 is divided by 80807.
5
What is the remainder when 6289 is divided by 914?
805
Calculate the remainder when 4271 is divided by 75.
71
What is the remainder when 4888 is divided by 1593?
109
What is the remainder when 271851 is divided by 33?
30
What is the remainder when 36444 is divided by 50?
44
Calculate the remainder when 776520 is divided by 194129.
4
What is the remainder when 4904 is divided by 51?
8
Calculate the remainder when 52079 is divided by 1086.
1037
What is the remainder when 4235 is divided by 538?
469
What is the remainder when 1701 is divided by 423?
9
What is the remainder when 347022 is divided by 228?
6
Calculate the remainder when 82216 is divided by 5478.
46
Calculate the remainder when 226564 is divided by 31.
16
Calculate the remainder when 13864 is divided by 13624.
240
Calculate the remainder when 14442 is divided by 86.
80
What is the remainder when 28914 is divided by 877?
850
What is the remainder when 3052 is divided by 84?
28
What is the remainder when 2276 is divided by 14?
8
What is the remainder when 1397 is divided by 657?
83
Calculate the remainder when 1023 is divided by 329.
36
Calculate the remainder when 28446 is divided by 254.
252
Calculate the remainder when 11447 is divided by 2860.
7
Calculate the remainder when 66404 is divided by 199.
137
What is the remainder when 8144 is divided by 475?
69
Calculate the remainder when 10928 is divided by 1821.
2
Calculate the remainder when 24077 is divided by 1199.
97
What is the remainder when 47346 is divided by 44?
2
What is the remainder when 1717 is divided by 586?
545
Calculate the remainder when 6706 is divided by 609.
7
What is the remainder when 26086 is divided by 4023?
1948
What is the remainder when 4154 is divided by 319?
7
Calculate the remainder when 64936 is divided by 274.
272
Calculate the remainder when 11371 is divided by 140.
31
What is the remainder when 1981684 is divided by 3663?
1
What is the remainder when 2152322 is divided by 251?
248
What is the remainder when 202180 is divided by 40431?
25
Calculate the remainder when 4588 is divided by 58.
6
Calculate the remainder when 40001 is divided by 769.
13
Calculate the remainder when 172490 is divided by 74.
70
What is the remainder when 1198469 is divided by 35?
34
What is the remainder when 725 is divided by 103?
4
What is the remainder when 16816 is divided by 64?
48
Calculate the remainder when 7434 is divided by 352.
42
Calculate the remainder when 1815 is divided by 263.
237
Calculate the remainder when 27293 is divided by 265.
263
What is the remainder when 2330 is divided by 2301?
29
What is the remainder when 307087 is divided by 272?
271
Calculate the remainder when 252645 is divided by 10.
5
What is the remainder when 727 is divided by 128?
87
What is the remainder when 13225 is divided by 15?
10
Calculate the remainder when 30846 is divided by 65.
36
What is the remainder when 22095 is divided by 2761?
7
What is the remainder when 11536 is divided by 180?
16
What is the remainder when 16066 is divided by 10?
6
Calculate the remainder when 5781 is divided by 929.
207
What is the remainder when 334 is divided by 55?
4
Calculate the remainder when 1935132 is divided by 39.
30
Calculate the remainder when 10194 is divided by 3.
0
Calculate the remainder when 77934 is divided by 9.
3
Calculate the remainder when 14534 is divided by 7252.
30
What is the remainder when 3896675 is divided by 98?
97
Calculate the remainder when 9659 is divided by 1582.
167
Calculate the remainder when 1584 is divided by 740.
104
What is the remainder when 2254 is divided by 2081?
173
Calculate the remainder when 2672 is divided by 626.
168
What is the remainder when 967592 is divided by 449?
446
Calculate the remainder when 4559 is divided by 151.
29
What is the remainder when 616811 is divided by 583?
580
Calculate the remainder when 195 is divided by 7.
6
What is the remainder when 1646 is divided by 70?
36
What is the remainder when 9353 is divided by 1551?
47
Calculate the remainder when 1411 is divided by 82.
17
Calculate the remainder when 3172 is divided by 746.
188
Calculate the remainder when 40741 is divided by 2069.
1430
Calculate the remainder when 88066 is divided by 17613.
1
What is the remainder when 135847 is divided by 45258?
73
What is the remainder when 915 is divided by 521?
394
What is the remainder when 5254 is divided by 478?
474
What is the remainder when 45329 is divided by 103?
9
Calculate the remainder when 5053 is divided by 1227.
145
What is the remainder when 2023 is divided by 613?
184
What is the remainder when 599983 is divided by 201?
199
What is the remainder when 33477 is divided by 1298?
1027
Calculate the remainder when 15031 is divided by 1876.
23
What is the remainder when 215213 is divided by 16554?
11
What is the remainder when 736 is divided by 350?
36
Calculate the remainder when 6570 is divided by 313.
310
What is the remainder when 242044 is divided by 413?
26
Calculate the remainder when 106269 is divided by 108.
105
Calculate the remainder when 27401 is divided by 102.
65
What is the remainder when 146190 is divided by 13290?
0
What is the remainder when 397649 is divided by 39764?
9
What is the remainder when 33847 is divided by 5?
2
What is the remainder when 12999 is divided by 173?
24
What is the remainder when 9225 is divided by 12?
9
What is the remainder when 43941 is divided by 100?
41
Calculate the remainder when 972585 is divided by 77.
75
Calculate the remainder when 116873 is divided by 6492.
17
What is the remainder when 2058 is divided by 674?
36
What is the remainder when 14620 is divided by 26?
8
Calculate the remainder when 36139 is divided by 9014.
83
Calculate the remainder when 13607 is divided by 54.
53
What is the remainder when 25256 is divided by 356?
336
What is the remainder when 5734 is divided by 633?
37
Calculate the remainder when 6623 is divided by 416.
383
Calculate the remainder when 1699554 is divided by 37.
33
What is the remainder when 